{"id":119,"date":"2017-10-13T15:57:35","date_gmt":"2017-10-13T13:57:35","guid":{"rendered":"http:\/\/browny2.bplaced.net\/keck\/?page_id=119"},"modified":"2019-08-29T12:29:10","modified_gmt":"2019-08-29T10:29:10","slug":"referenzen","status":"publish","type":"page","link":"https:\/\/werbeagenturkeck.de\/cms\/referenzen\/","title":{"rendered":"Referenzen"},"content":{"rendered":"<div class=\"entry-content\">\n<div class=\"entry-content\">\n<p><b>Arbeitsgemeinschaft<\/b> unterfr\u00e4nkischer Abfallberater;<br \/>\n<b>Arnold Maler- und T\u00fcnchergesch\u00e4ft,<\/b> Kleinostheim;<br \/>\n<b>ASA Sch\u00fc\u00dfler,<\/b> Haibach;<br \/>\n<b>Auxilio<\/b> Nachhilfestudios;<br \/>\n<b>Awo Aktiv,<\/b> Aschaffenburg;<br \/>\n<b>Bayern Fan Club e.V.,<\/b> Schaafheim;<br \/>\n<b>Bertram Gartengestaltung,<\/b> Schaafheim;<br \/>\n<b>Blasmusikverband<\/b> Vorspessart;<br \/>\n<b>Brillenladen,<\/b> Gro\u00dfostheim;<br \/>\n<b>Caf\u00e9 Alte Post,<\/b> Gro\u00dfostheim;<br \/>\n<b>Caf\u00e9 Kern,<\/b> Gro\u00dfostheim;<br \/>\n<b>Caritas Sozialstation,<\/b> Gro\u00dfostheim;<br \/>\n<b>Chemena,<\/b> Aschaffenburg;<br \/>\n<b>Dorsemagen GmbH,<\/b> Aschaffenburg;<br \/>\n<b>Deutsches Rotes Kreuz,<\/b> Bergwacht Hessen;<br \/>\n<b>Deutsches Rotes Kreuz,<\/b> Landesverband Hessen;<br \/>\n<b>EKB-Verlag,<\/b> Aschaffenburg;<br \/>\n<b>F.A.N.,<\/b> Aschaffenburg;<br \/>\n<b>Ferrum Rhein-Main GmbH,<\/b> Aschaffenburg;<br \/>\n<b>FGS Beschichtungen,<\/b> Niedernberg;<br \/>\n<b>GBAB<\/b> Aschaffenburg;<br \/>\n<b>Gemeinde<\/b> Gro\u00dfostheim;<br \/>\n<b>Fa. Gehrisch &amp; Krack,<\/b> Frankfurt;<br \/>\n<b>Gewerbeverein<\/b> Gro\u00dfostheim;<br \/>\n<b>Geschichtsverein<\/b> Gro\u00dfostheim;<br \/>\n<b>Geschichtsverein<\/b> Niedernberg;<br \/>\n<b>Geschichtsverein<\/b> Wenigumstadt;<br \/>\n<b>Grenzenlos e.V.,<\/b> Aschaffenburg;<br \/>\n<b>GT\u00dc Ingenieurb\u00fcro Vonrhein,<\/b> Sch\u00f6llkrippen;<br \/>\n<b>Helarion,<\/b> Gro\u00dfostheim;<br \/>\n<b>Herrmann-Staudinger-Gymnasium,<\/b> Erlenbach;<br \/>\n<b>HSG<\/b> Bachgau;<br \/>\n<b>Institut f\u00fcr Ganzk\u00f6rperkosmetik,<\/b> Altenstadt;<br \/>\n<b>Fa. K\u00f6nig,<\/b> Gro\u00dfostheim;<br \/>\n<b>Kreiskrankenhaus<\/b> Wasserlos;<br \/>\n<b>Kreuzapotheke,<\/b> Sch\u00f6llkrippen;<br \/>\n<b>Landratsamt<\/b> Aschaffenburg;<br \/>\n<b>Lemster &amp; Heser,<\/b> Aschaffenburg;<br \/>\n<b>Natur f\u00fcr Ihr Haus,<\/b> Gro\u00dfostheim;<br \/>\n<b>Schuck Textilgro\u00dfandel GmbH,<\/b> Leidersbach;<br \/>\n<b>Schuhprocenter,<\/b> Stockstadt;<br \/>\n<b>Seniorentagespflegest\u00e4tte,<\/b> Gro\u00dfostheim;<br \/>\n<b>Fa. Schwerelos,<\/b> Gro\u00dfostheim;<br \/>\n<strong>Stiftung HBRU <\/strong>&#8211; Handball Region Untermain;<br \/>\n<b>Stadt<\/b> Aschaffenburg;<br \/>\n<b>Taurus Immobilien,<\/b> Frankfurt;<br \/>\n<b>Telmacon,<\/b> Langen;<br \/>\n<b>Water and Ice,<\/b> Steinbach\/Ts.;<br \/>\n<b>Yara GmbH &amp; Co KG.,<\/b> D\u00fclmen;<br \/>\n<b>Zahnarztpraxis Vonrhein,<\/b> Geiselbach;<br \/>\n<b>Ziegler Bauunternehman,<\/b> Gro\u00dfostheim<\/p>\n<\/div>\n<\/div>\n","protected":false},"excerpt":{"rendered":"<p>Arbeitsgemeinschaft unterfr\u00e4nkischer Abfallberater; Arnold Maler- und T\u00fcnchergesch\u00e4ft, Kleinostheim; ASA Sch\u00fc\u00dfler, Haibach; Auxilio Nachhilfestudios; Awo Aktiv, Aschaffenburg; Bayern Fan Club e.V., Schaafheim; Bertram Gartengestaltung, Schaafheim; Blasmusikverband Vorspessart; Brillenladen, Gro\u00dfostheim; Caf\u00e9 Alte [&hellip;]<\/p>\n","protected":false},"author":1,"featured_media":0,"parent":0,"menu_order":80,"comment_status":"closed","ping_status":"closed","template":"page-left-sidebar.php","meta":[],"yoast_head":"<!-- This site is optimized with the Yoast SEO plugin v20.6 - https:\/\/yoast.com\/wordpress\/plugins\/seo\/ -->\n<title>Referenzen - Werbeagentur Keck<\/title>\n<meta name=\"robots\" content=\"index, follow, max-snippet:-1, max-image-preview:large, max-video-preview:-1\" \/>\n<link rel=\"canonical\" href=\"https:\/\/werbeagenturkeck.de\/cms\/referenzen\/\" \/>\n<meta property=\"og:locale\" content=\"de_DE\" \/>\n<meta property=\"og:type\" content=\"article\" \/>\n<meta property=\"og:title\" content=\"Referenzen - Werbeagentur Keck\" \/>\n<meta property=\"og:description\" content=\"Arbeitsgemeinschaft unterfr\u00e4nkischer Abfallberater; Arnold Maler- und T\u00fcnchergesch\u00e4ft, Kleinostheim; ASA Sch\u00fc\u00dfler, Haibach; Auxilio Nachhilfestudios; Awo Aktiv, Aschaffenburg; Bayern Fan Club e.V., Schaafheim; Bertram Gartengestaltung, Schaafheim; Blasmusikverband Vorspessart; Brillenladen, Gro\u00dfostheim; Caf\u00e9 Alte [&hellip;]\" \/>\n<meta property=\"og:url\" content=\"https:\/\/werbeagenturkeck.de\/cms\/referenzen\/\" \/>\n<meta property=\"og:site_name\" content=\"Werbeagentur Keck\" \/>\n<meta property=\"article:modified_time\" content=\"2019-08-29T10:29:10+00:00\" \/>\n<meta name=\"twitter:card\" content=\"summary_large_image\" \/>\n<meta name=\"twitter:label1\" content=\"Gesch\u00e4tzte Lesezeit\" \/>\n\t<meta name=\"twitter:data1\" content=\"1\u00a0Minute\" \/>\n<script type=\"application\/ld+json\" class=\"yoast-schema-graph\">{\"@context\":\"https:\/\/schema.org\",\"@graph\":[{\"@type\":\"WebPage\",\"@id\":\"https:\/\/werbeagenturkeck.de\/cms\/referenzen\/\",\"url\":\"https:\/\/werbeagenturkeck.de\/cms\/referenzen\/\",\"name\":\"Referenzen - Werbeagentur Keck\",\"isPartOf\":{\"@id\":\"https:\/\/werbeagenturkeck.de\/cms\/#website\"},\"datePublished\":\"2017-10-13T13:57:35+00:00\",\"dateModified\":\"2019-08-29T10:29:10+00:00\",\"breadcrumb\":{\"@id\":\"https:\/\/werbeagenturkeck.de\/cms\/referenzen\/#breadcrumb\"},\"inLanguage\":\"de\",\"potentialAction\":[{\"@type\":\"ReadAction\",\"target\":[\"https:\/\/werbeagenturkeck.de\/cms\/referenzen\/\"]}]},{\"@type\":\"BreadcrumbList\",\"@id\":\"https:\/\/werbeagenturkeck.de\/cms\/referenzen\/#breadcrumb\",\"itemListElement\":[{\"@type\":\"ListItem\",\"position\":1,\"name\":\"Startseite\",\"item\":\"https:\/\/werbeagenturkeck.de\/cms\/\"},{\"@type\":\"ListItem\",\"position\":2,\"name\":\"Referenzen\"}]},{\"@type\":\"WebSite\",\"@id\":\"https:\/\/werbeagenturkeck.de\/cms\/#website\",\"url\":\"https:\/\/werbeagenturkeck.de\/cms\/\",\"name\":\"Werbeagentur Keck\",\"description\":\"Ihre Full-Service-Werbeagentur im Bachgau\",\"potentialAction\":[{\"@type\":\"SearchAction\",\"target\":{\"@type\":\"EntryPoint\",\"urlTemplate\":\"https:\/\/werbeagenturkeck.de\/cms\/?s={search_term_string}\"},\"query-input\":\"required name=search_term_string\"}],\"inLanguage\":\"de\"}]}<\/script>\n<!-- \/ Yoast SEO plugin. -->","yoast_head_json":{"title":"Referenzen - Werbeagentur Keck","robots":{"index":"index","follow":"follow","max-snippet":"max-snippet:-1","max-image-preview":"max-image-preview:large","max-video-preview":"max-video-preview:-1"},"canonical":"https:\/\/werbeagenturkeck.de\/cms\/referenzen\/","og_locale":"de_DE","og_type":"article","og_title":"Referenzen - Werbeagentur Keck","og_description":"Arbeitsgemeinschaft unterfr\u00e4nkischer Abfallberater; Arnold Maler- und T\u00fcnchergesch\u00e4ft, Kleinostheim; ASA Sch\u00fc\u00dfler, Haibach; Auxilio Nachhilfestudios; Awo Aktiv, Aschaffenburg; Bayern Fan Club e.V., Schaafheim; Bertram Gartengestaltung, Schaafheim; Blasmusikverband Vorspessart; Brillenladen, Gro\u00dfostheim; Caf\u00e9 Alte [&hellip;]","og_url":"https:\/\/werbeagenturkeck.de\/cms\/referenzen\/","og_site_name":"Werbeagentur Keck","article_modified_time":"2019-08-29T10:29:10+00:00","twitter_card":"summary_large_image","twitter_misc":{"Gesch\u00e4tzte Lesezeit":"1\u00a0Minute"},"schema":{"@context":"https:\/\/schema.org","@graph":[{"@type":"WebPage","@id":"https:\/\/werbeagenturkeck.de\/cms\/referenzen\/","url":"https:\/\/werbeagenturkeck.de\/cms\/referenzen\/","name":"Referenzen - Werbeagentur Keck","isPartOf":{"@id":"https:\/\/werbeagenturkeck.de\/cms\/#website"},"datePublished":"2017-10-13T13:57:35+00:00","dateModified":"2019-08-29T10:29:10+00:00","breadcrumb":{"@id":"https:\/\/werbeagenturkeck.de\/cms\/referenzen\/#breadcrumb"},"inLanguage":"de","potentialAction":[{"@type":"ReadAction","target":["https:\/\/werbeagenturkeck.de\/cms\/referenzen\/"]}]},{"@type":"BreadcrumbList","@id":"https:\/\/werbeagenturkeck.de\/cms\/referenzen\/#breadcrumb","itemListElement":[{"@type":"ListItem","position":1,"name":"Startseite","item":"https:\/\/werbeagenturkeck.de\/cms\/"},{"@type":"ListItem","position":2,"name":"Referenzen"}]},{"@type":"WebSite","@id":"https:\/\/werbeagenturkeck.de\/cms\/#website","url":"https:\/\/werbeagenturkeck.de\/cms\/","name":"Werbeagentur Keck","description":"Ihre Full-Service-Werbeagentur im Bachgau","potentialAction":[{"@type":"SearchAction","target":{"@type":"EntryPoint","urlTemplate":"https:\/\/werbeagenturkeck.de\/cms\/?s={search_term_string}"},"query-input":"required name=search_term_string"}],"inLanguage":"de"}]}},"_links":{"self":[{"href":"https:\/\/werbeagenturkeck.de\/cms\/wp-json\/wp\/v2\/pages\/119"}],"collection":[{"href":"https:\/\/werbeagenturkeck.de\/cms\/wp-json\/wp\/v2\/pages"}],"about":[{"href":"https:\/\/werbeagenturkeck.de\/cms\/wp-json\/wp\/v2\/types\/page"}],"author":[{"embeddable":true,"href":"https:\/\/werbeagenturkeck.de\/cms\/wp-json\/wp\/v2\/users\/1"}],"replies":[{"embeddable":true,"href":"https:\/\/werbeagenturkeck.de\/cms\/wp-json\/wp\/v2\/comments?post=119"}],"version-history":[{"count":1,"href":"https:\/\/werbeagenturkeck.de\/cms\/wp-json\/wp\/v2\/pages\/119\/revisions"}],"predecessor-version":[{"id":280,"href":"https:\/\/werbeagenturkeck.de\/cms\/wp-json\/wp\/v2\/pages\/119\/revisions\/280"}],"wp:attachment":[{"href":"https:\/\/werbeagenturkeck.de\/cms\/wp-json\/wp\/v2\/media?parent=119"}],"curies":[{"name":"wp","href":"https:\/\/api.w.org\/{rel}","templated":true}]}}